{"id":6,"date":"2017-03-29T23:52:44","date_gmt":"2017-03-29T21:52:44","guid":{"rendered":"http:\/\/cbprerov.cz\/?page_id=2"},"modified":"2020-12-12T09:58:52","modified_gmt":"2020-12-12T08:58:52","slug":"zkusebni-stranka-2","status":"publish","type":"page","link":"https:\/\/cbprerov.cz\/","title":{"rendered":"C\u00cdRKEV BRATRSK\u00c1 kazatelsk\u00e1 stanice P\u0159erov"},"content":{"rendered":"<p><span style=\"font-weight: 400;\">Jsme sou\u010d\u00e1st\u00ed spole\u010denstv\u00ed mate\u0159sk\u00e9ho sboru C\u00edrkve bratrsk\u00e9 v Hranic\u00edch, kter\u00e1 se z p\u016fvodn\u00ed skupinky rozrostla v kazatelskou stanici. Jako k\u0159es\u0165an\u00e9 vyzn\u00e1v\u00e1me v\u00edru v Boha Otce, Syna a Ducha svat\u00e9ho. V\u011b\u0159\u00edme, \u017ee Je\u017e\u00ed\u0161 Kristus je na\u0161\u00edm P\u00e1nem a Spasitelem. Ukazatelem pro n\u00e1\u0161 \u017eivot je Bible, P\u00edsmo svat\u00e9 jako\u00a0<\/span><span style=\"font-weight: 400;\">Bo\u017e\u00ed slovo. V tomto smyslu se hl\u00e1s\u00edme k odkazu star\u00fdch moravsk\u00fdch brat\u0159\u00ed:<\/span><\/p>\n<p style=\"text-align: center;\"><span style=\"font-weight: 400;\">\u201eV podstatn\u00e9m jednota, v podru\u017en\u00e9m svoboda, ve v\u0161em pak l\u00e1ska.\u201c<\/span><\/p>\n<p><span style=\"font-weight: 400;\">Sou\u010d\u00e1st\u00ed v\u0161ech setk\u00e1n\u00ed je zti\u0161en\u00ed se nad Bo\u017e\u00edm slovem a v\u00fdklad P\u00edsma svat\u00e9ho, modlitby i chv\u00e1ly. <\/span><span style=\"font-weight: 400;\">V ned\u011bli jsou v\u0161ichni zv\u00e1ni k posezen\u00ed u k\u00e1vy a \u010daje, kde sd\u00edl\u00edme sv\u00e9 n\u00e1zory, zku\u0161enosti a poznatky.\u00a0<\/span><span style=\"font-weight: 400;\">Je zde rovn\u011b\u017e prostor k osobn\u00edmu rozhovoru, diskr\u00e9tn\u00ed pastora\u010dn\u00ed p\u00e9\u010di i poskytnut\u00ed duchovn\u00ed pomoci.<\/span><\/p>\n<p style=\"padding-left: 30px;\"><strong>Pravideln\u00fd program:<\/strong><br \/>\nBohoslu\u017eebn\u00e9 shrom\u00e1\u017ed\u011bn\u00ed &#8211; skupinka ka\u017edou <strong>ned\u011bli v 15:00<\/strong> hod.<br \/>\nBiblick\u00e1 hodina ve <strong>\u00fater\u00fd 17:00<\/strong> hod.<\/p>\n<p>Najdete n\u00e1s na adrese<strong> Blahoslavova 71\/2<\/strong>, hlavn\u00edmi dve\u0159mi rovn\u011b chodbou d\u00e1l dozadu k dal\u0161\u00edm dve\u0159\u00edm, projdete a pak u\u017e jen do dve\u0159\u00ed vpravo.<\/p>\n<p>Kontakt: <strong>Vladim\u00edr Do\u0161ek<\/strong> (star\u0161\u00ed c\u00edrkve) tel. <strong>604 300 635<\/strong><\/p>\n<h3 style=\"text-align: center;\">Zveme v\u0161echny,<br \/>\nkdo hledaj\u00ed Boha ve sv\u00e9m \u017eivot\u011b.<\/h3>\n","protected":false},"excerpt":{"rendered":"<p>Jsme sou\u010d\u00e1st\u00ed spole\u010denstv\u00ed mate\u0159sk\u00e9ho sboru C\u00edrkve bratrsk\u00e9 v Hranic\u00edch, kter\u00e1 se z p\u016fvodn\u00ed skupinky rozrostla v kazatelskou stanici. Jako k\u0159es\u0165an\u00e9 vyzn\u00e1v\u00e1me v\u00edru v Boha Otce, Syna a Ducha svat\u00e9ho. V\u011b\u0159\u00edme, \u017ee Je\u017e\u00ed\u0161 Kristus je na\u0161\u00edm P\u00e1nem a Spasitelem. Ukazatelem pro n\u00e1\u0161 \u017eivot je Bible, P\u00edsmo svat\u00e9 jako\u00a0Bo\u017e\u00ed slovo. V tomto smyslu se hl\u00e1s\u00edme k odkazu [&hellip;]<\/p>\n","protected":false},"author":2,"featured_media":0,"parent":0,"menu_order":0,"comment_status":"closed","ping_status":"open","template":"","meta":[],"_links":{"self":[{"href":"https:\/\/cbprerov.cz\/index.php?rest_route=\/wp\/v2\/pages\/6"}],"collection":[{"href":"https:\/\/cbprerov.cz\/index.php?rest_route=\/wp\/v2\/pages"}],"about":[{"href":"https:\/\/cbprerov.cz\/index.php?rest_route=\/wp\/v2\/types\/page"}],"author":[{"embeddable":true,"href":"https:\/\/cbprerov.cz\/index.php?rest_route=\/wp\/v2\/users\/2"}],"replies":[{"embeddable":true,"href":"https:\/\/cbprerov.cz\/index.php?rest_route=%2Fwp%2Fv2%2Fcomments&post=6"}],"version-history":[{"count":4,"href":"https:\/\/cbprerov.cz\/index.php?rest_route=\/wp\/v2\/pages\/6\/revisions"}],"predecessor-version":[{"id":35,"href":"https:\/\/cbprerov.cz\/index.php?rest_route=\/wp\/v2\/pages\/6\/revisions\/35"}],"wp:attachment":[{"href":"https:\/\/cbprerov.cz\/index.php?rest_route=%2Fwp%2Fv2%2Fmedia&parent=6"}],"curies":[{"name":"wp","href":"https:\/\/api.w.org\/{rel}","templated":true}]}}